 9889741 prime?
True
Is 152497931 a prime number?
True
Is 12152639 composite?
False
Is 13953833 composite?
True
Is 54472093 composite?
True
Is 45608069 composite?
True
Is 24115853 prime?
True
Is 69421 prime?
False
Is 706547 composite?
False
Is 14100397 a composite number?
False
Is 30529201 composite?
False
Is 31859189 a composite number?
False
Is 36887533 a composite number?
True
Is 26582993 composite?
False
Is 172748557 a composite number?
True
Is 1079927 a composite number?
False
Is 40909763 composite?
False
Is 3888193 a prime number?
True
Is 3421499 a prime number?
True
Is 453599 prime?
True
Is 44148801 a composite number?
True
Is 3443191727 prime?
True
Is 123578099 a prime number?
True
Is 4224967 composite?
False
Is 26247622 a prime number?
False
Is 272578961 a prime number?
False
Is 99606547 composite?
False
Is 362454437 prime?
True
Is 277614247 composite?
True
Is 91336987 prime?
False
Is 27869441 a composite number?
True
Is 4956199 prime?
False
Is 128779513 composite?
False
Is 2073193 composite?
False
Is 1612043 prime?
False
Is 70081951 prime?
False
Is 7366057 prime?
False
Is 3394091 a composite number?
False
Is 121124413 a composite number?
True
Is 28157027 a composite number?
False
Is 18781907 a prime number?
True
Is 7571537 a composite number?
False
Is 1566951 a prime number?
False
Is 8370911 a prime number?
True
Is 8260747 prime?
False
Is 1834619 prime?
True
Is 33730071 prime?
False
Is 95723597 prime?
False
Is 24095441 composite?
True
Is 1559589 composite?
True
Is 4966783 a prime number?
True
Is 7467347 composite?
False
Is 1201450115 a prime number?
False
Is 5534989 a composite number?
True
Is 73123711 a composite number?
True
Is 33528883 a composite number?
False
Is 16852399 a composite number?
True
Is 4839551 prime?
False
Is 8479393 a composite number?
True
Is 2111183 a composite number?
True
Is 40103717 composite?
True
Is 46076441 composite?
False
Is 5270039 a composite number?
False
Is 139192001 a prime number?
False
Is 15026233 prime?
False
Is 18969781 a composite number?
False
Is 734377 composite?
True
Is 1188658 a prime number?
False
Is 8642921 a composite number?
True
Is 8640587 prime?
True
Is 321121574 prime?
False
Is 1658711 composite?
False
Is 16093547 a prime number?
True
Is 1766301 a prime number?
False
Is 451530689 a prime number?
True
Is 57858137 composite?
True
Is 1089841 composite?
False
Is 4772951 a composite number?
False
Is 1280371 a composite number?
False
Is 3558251 a composite number?
True
Is 127893247 prime?
True
Is 62488747 prime?
True
Is 5289721 a composite number?
False
Is 8513959 prime?
False
Is 4271881 prime?
True
Is 2292336785 prime?
False
Is 266046323 a composite number?
False
Is 32755687 a prime number?
True
Is 1023405161 composite?
False
Is 9592697 composite?
False
Is 828154 prime?
False
Is 107285779 prime?
False
Is 74961617 prime?
False
Is 87912091 composite?
True
Is 3504577 composite?
False
Is 16883963 composite?
False
Is 28201 a composite number?
False
Is 3017119 composite?
True
Is 5542619 prime?
True
Is 95423557 a prime number?
True
Is 2169707 prime?
True
Is 7378571 prime?
True
Is 932245835 a prime number?
False
Is 596347601 prime?
True
Is 54891583 a prime number?
False
Is 23781273 composite?
True
Is 1119691 a prime number?
True
Is 6371191 a prime number?
True
Is 1528897 a composite number?
False
Is 6248483 a prime number?
True
Is 2802903 composite?
True
Is 11710847 composite?
False
Is 2928251 a prime number?
True
Is 815197 prime?
True
Is 1950731 prime?
False
Is 500904661 a composite number?
False
Is 1172278 prime?
False
Is 125763383 a prime number?
True
Is 20609 a composite number?
True
Is 6750521 prime?
False
Is 1105787 composite?
False
Is 6696953 a composite number?
False
Is 374731913 a composite number?
True
Is 4296359 a prime number?
False
Is 49777237 a composite number?
False
Is 9864159 composite?
True
Is 5524213 a prime number?
True
Is 3559551 prime?
False
Is 19996883 composite?
True
Is 19352419 a prime number?
True
Is 4386089 a prime number?
True
Is 24106597 a composite number?
True
Is 1609217 a composite number?
True
Is 29428831 prime?
True
Is 1078807 composite?
False
Is 3631231 prime?
False
Is 40676333 prime?
True
Is 12185989 composite?
True
Is 136272383 a composite number?
True
Is 231588659 a composite number?
True
Is 7445989 composite?
False
Is 110527 prime?
True
Is 85836979 prime?
True
Is 1247627 a prime number?
True
Is 866582 a composite number?
True
Is 1846153 prime?
True
Is 72431 composite?
False
Is 29697397 a composite number?
False
Is 3474433 composite?
False
Is 425992169 composite?
False
Is 4590491 a composite number?
False
Is 1296877 prime?
True
Is 50292719 composite?
False
Is 58415993 a prime number?
False
Is 47933 a composite number?
False
Is 2105141 prime?
True
Is 6062239 a composite number?
True
Is 78266906 composite?
True
Is 8510227 a composite number?
True
Is 6077507 a prime number?
True
Is 27034781 a prime number?
True
Is 5859571 a composite number?
True
Is 9325543 composite?
False
Is 1605509 prime?
True
Is 228055223 a composite number?
True
Is 891743 a composite number?
False
Is 212178251 a prime number?
True
Is 96037 a composite number?
True
Is 378901 a prime number?
True
Is 137013733 composite?
False
Is 5263579 a prime number?
True
Is 3162517 composite?
False
Is 2476457 a composite number?
True
Is 92082817 a prime number?
True
Is 1140239 a prime number?
True
Is 4116511 a composite number?
True
Is 4369529 prime?
True
Is 787873 composite?
True
Is 17067667 a prime number?
True
Is 35027 a prime number?
True
Is 10823419 composite?
False
Is 209780507 composite?
True
Is 20896013 composite?
False
Is 5879647 prime?
True
Is 208555667 a prime number?
False
Is 8207819 composite?
True
Is 35248103 a prime number?
False
Is 371423677 composite?
True
Is 167573167 prime?
False
Is 31119787 a prime number?
False
Is 4377871 a composite number?
False
Is 392303 a composite number?
True
Is 7867247 a prime number?
True
Is 20477305 a composite number?
True
Is 79922273 prime?
True
Is 10965481 prime?
True
Is 38876347 composite?
False
Is 54752371 composite?
False
Is 41011643 prime?
False
Is 709133761 prime?
False
Is 1125823 prime?
True
Is 15802547 prime?
False
Is 37624031 a composite number?
False
Is 132747023 prime?
True
Is 165484513 prime?
True
Is 62584113 a composite number?
True
Is 4446859 composite?
True
Is 444010253 composite?
False
Is 973147 a composite number?
True
Is 139391 a composite number?
True
Is 110157181 a prime number?
True
Is 9955691 a prime number?
False
Is 9438643 prime?
False
Is 384818695 prime?
False
Is 484042289 a prime number?
False
Is 87081861 a composite number?
True
Is 174036437 composite?
True
Is 3046331 a composite number?
False
Is 163283839 composite?
False
Is 814463749 prime?
False
Is 25946051 composite?
False
Is 3473101 a composite number?
False
Is 42179513 composite?
True
Is 40166743 a prime number?
True
Is 6890519 composite?
False
Is 20648917 prime?
False
Is 6943819 a composite number?
False
Is 1132331 composite?
True
Is 52610909 a composite number?
True
Is 441493 composite?
True
Is 15720959 prime?
True
Is 308896097 a composite number?
False
Is 73927969 a composite number?
True
Is 60848587 prime?
False
Is 5930735 a prime number?
False
Is 6814729 a prime number?
True
Is 3255367 composite?
False
Is 283697 composite?
False
Is 4267079 composite?
False
Is 214632179 a prime number?
True
Is 37466609 composite?
True
Is 957232637 a composite number?
False
Is 85701497 prime?
False
Is 68990057 a composite number?
True
Is 9857747 a composite number?
True
Is 240562174 prime?
False
Is 2214827 prime?
True
Is 41709191 composite?
False
Is 160594153 a composite number?
False
Is 7208189 a composite number?
False
Is 11095549 a composite number?
False
Is 1099139 prime?
True
Is 405462823 prime?
False
Is 734448043 a composite number?
True
Is 248300837 a composite number?
False
Is 11931289 a prime number?
True
Is 79650169 composite?
True
Is 11589287 a composite number?
False
Is 62505637 composite?
True
Is 597127 composite?
False
Is 2478517 composite?
False
Is 944215 prime?
False
Is 840698873 prime?
False
Is 48781861 composite?
False
Is 56319187 a prime number?
False
Is 12485003 a prime number?
True
Is 5187307 composite?
True
Is 12800941 a prime number?
True
Is 9155899 a prime numbe